 -0*u, 3*u - 58 = -2*s. Suppose -d = -139 + 11. What is the highest common factor of u and d?
16
Let s be 0/((-1 - -1) + 2). Suppose s = -l + n + 7, 4*l + 2*n = l + 46. Calculate the highest common divisor of 6 and l.
6
Let h be -3*(-5)/(45/21). Let v = 5 - -2. Calculate the highest common factor of v and h.
7
Suppose 2 - 3 = -r. Let a be r/1*(1 - -4). Calculate the highest common divisor of 5 and a.
5
Let m be 46 - (-5)/((-15)/6). Calculate the highest common factor of 44 and m.
44
Let l(i) = i**3 + 5*i**2 + 12*i - 3. Let w be l(6). Let x = w - 168. Calculate the greatest common factor of 27 and x.
27
Suppose -21 = -3*j - 5*h - 6, -h = -3. Suppose 3*g = -j*g - 3*z + 51, 3*g - 5*z - 19 = 0. What is the greatest common divisor of g and 13?
13
Let c = 4 - -5. Let s(j) = -j**2 - 6*j + 11. Let z be s(-8). Let y = z - -41. What is the greatest common divisor of c and y?
9
Let j be ((-3)/(-2))/((-3)/(-4)). Suppose 2 = -k - j. Let b be 30/4 + 2/k. What is the greatest common factor of b and 7?
7
Suppose 4*t = -3*t + 175. Calculate the highest common divisor of 5 and t.
5
Suppose 87 = 2*c + y, 0 = -5*c + 4*y - y + 201. Let n = -1 + 2. Let l = n - -5. Calculate the greatest common divisor of l and c.
6
Suppose 4*v + 2 = 18. Let t be v/6*(-441)/(-14). Calculate the greatest common divisor of t and 147.
21
Let i = 6 + 12. What is the greatest common divisor of 9 and i?
9
Suppose -235 = -7*k + 129. What is the highest common factor of 364 and k?
52
Suppose 48 = -5*w - 157. Let b = -29 - w. Let u be (-1 - 0)*(12 + -16). Calculate the greatest common factor of u and b.
4
Let l = 86 - 41. Calculate the highest common factor of 15 and l.
15
Let d = -4 + 8. Let r(i) = -i**3 + 3*i**2 + 6*i - 5. Let g be r(d). What is the highest common divisor of g and 6?
3
Let o = -4 - -9. Let a = 96 - 61. What is the greatest common divisor of a and o?
5
Let r be ((-36)/15)/(2/(-20)). Calculate the highest common divisor of r and 60.
12
Suppose -5*i = -3*c - 32, c = 5*i + 2*c - 16. Suppose -3*h + i*h = 77. What is the greatest common factor of 11 and h?
11
Let b = -232 - -332. Let h be -8 + 5 + 1 + 22. What is the greatest common divisor of h and b?
20
Let l = 2 + 107. Let d = 181 - l. Suppose -5*q + 22 = -18. Calculate the highest common divisor of q and d.
8
Let i(w) = -24*w - 32. Let h be i(-3). Suppose 3*u - 75 = 105. Calculate the highest common divisor of u and h.
20
Let f(c) = -22*c**3 + 2*c**2 - 1. Let m be f(-1). What is the highest common factor of m and 23?
23
Suppose 0 = -2*j - 0 + 8. Let v = 3 + -1. Suppose 4*g = -v*y + 5*g + 16, -3*y - g = -34. Calculate the highest common divisor of y and j.
2
Let b(s) = s**3 - 2*s**2 - 31*s - 2. Let m be b(7). Calculate the highest common factor of 65 and m.
13
Suppose -1 + 5 = 2*g. Suppose -7*s + g*s + 930 = 0. Suppose -s = 5*j + 5*q - 871, -4*q - 508 = -4*j. Calculate the highest common divisor of j and 12.
12
Let b(m) = -3 - 2*m**3 + m**2 + m + 0 + 3. Let y be b(-1). Let t be 15/y + (-5)/(-10). What is the greatest common factor of t and 88?
8
Suppose 0 = -3*s - 2*s + 85. Suppose s - 4 = -n. Let x = -3 - n. What is the greatest common factor of 15 and x?
5
Let i(g) = 8*g**2 - 3*g + 1. Suppose v - 4 + 2 = 0. Let k be i(v). Suppose -l + 3 = -6. What is the highest common divisor of k and l?
9
Let b(k) = -k. Let q be b(-6). Let f(t) = t**3 - 7*t**2 + 7*t + 2. Let j be f(q). Suppose 0 = -4*u + 253 + 35. Calculate the highest common factor of u and j.
8
Suppose -j - 6 = -4*j. Suppose -10 = j*s - 4*s. Suppose 5*f = -p - 13, -p + s = f - 2. What is the greatest common factor of p and 108?
12
Let q = 7 - 6. Let r be (-6)/(-9) - 1/(-3). Let l(k) = 10*k**2 + 1. Let u be l(r). Calculate the greatest common factor of q and u.
1
Let o = 67 - 27. Suppose -4*l = l - o. Calculate the greatest common factor of l and 2.
2
Let d(r) = -11*r - 7. Let w(y) = 10*y + 6. Let x(u) = 3*d(u) + 4*w(u). Let o be x(3). Calculate the highest common divisor of 8 and o.
8
Let a be (110/(-15))/(4/(-6)). Suppose -11 = -4*v + 13. Let r = 5 + v. What is the highest common divisor of r and a?
11
Let q = -68 + 74. What is the greatest common factor of q and 66?
6
Let n(j) = j**3 + 2*j**2 - 2*j + 1. Let y be n(1). Let b = y - 0. What is the greatest common factor of b and 1?
1
Let y be (-190)/(-5) - 2/1. What is the highest common divisor of 9 and y?
9
Let x = -15 + -43. Let t = x - -97. Suppose -3*w - 6 = -t. Calculate the greatest common divisor of w and 99.
11
Let c = -6 - -4. Let z = 2 + c. Suppose 6 = o + 3*b - 0, -b = z. What is the greatest common divisor of o and 2?
2
Let x be 0 + (-1 - -3) - -1. Suppose 2*h - 6 = 0, x*m - 47 = -m - 5*h. What is the greatest common divisor of m and 56?
8
Let f(g) = -g**3 + 7*g**2 + 3*g - 15. Let o be f(7). What is the highest common divisor of 42 and o?
6
Suppose -8 - 4 = -4*g. Let y = g + -1. Suppose -5*t = -5*o + 220 + 30, 3*o = y*t + 148. What is the greatest common factor of 12 and o?
12
Suppose -4*a = -2*n + 20, 2*n + 2*a + a + 1 = 0. Suppose 0 = -n*r - 0*r - 36. Let h = r - -24. Calculate the greatest common divisor of h and 165.
15
Suppose -229*m + 400 = -224*m. What is the highest common divisor of 20 and m?
20
Let v = 1 + 27. What is the greatest common factor of v and 252?
28
Suppose 5*a = -5*j + 15, 3*j + 0*j = -a - 1. What is the highest common divisor of 45 and a?
5
Let a = 46 + -28. Let y be (-2289)/(-27) + 4/a. Let g(o) = o**2 + o - 3. Let m be g(4). Calculate the greatest common divisor of y and m.
17
Let r(b) = -b**2 - 10*b. Let z be r(-7). Calculate the highest common divisor of z and 63.
21
Let k be ((-2)/(-3))/(5/960). Suppose -u = 3*u - k. What is the highest common factor of u and 48?
16
Let c(k) = k + 27. Let m be c(-14). Calculate the highest common factor of m and 104.
13
Let v be (170/2)/(2/6). Suppose 5*k = -5*t + v, 5*k - 93 - 172 = -3*t. Calculate the highest common divisor of 7 and k.
7
Let s(g) = 3*g + 132. Let d be s(-16). Suppose 0 = -y - y. Let v(u) = u**3 + 12. Let w be v(y). What is the highest common factor of d and w?
12
Suppose 9*i = 4*i - 20. Let o = -2 - i. Suppose 4*d = o*d + 34. Calculate the greatest common divisor of d and 68.
17
Suppose 4*b - 351 = 5*p, -41 = -b + 3*p + 52. Suppose 4*g = -5*t + t + 28, 2*g - 2 = -t. What is the highest common divisor of t and b?
12
Let m(l) = -l + 2. Let i be m(-3). Calculate the highest common factor of 45 and i.
5
Let k(r) = r**3 - 3*r**2 - 3*r + 4. Let w be k(4). What is the greatest common factor of 36 and w?
4
Suppose 21 = 3*a - 4*p - p, -2*p - 14 = -2*a. Let w = 0 - -1. What is the greatest common divisor of w and a?
1
Let u(d) = d**3 - 7*d**2 + 3*d + 1. Let f be u(6). Let k be (f/(-4))/((-2)/(-8)). Let s = 337 - 201. Calculate the highest common factor of k and s.
17
Suppose 0 = -5*i + 5 + 5. Suppose q = i*t - 5, -2*t - 3*t - 3*q + 29 = 0. What is the highest common factor of 6 and t?
2
Let h be 3 + -54*(0 + (-2)/4). Calculate the highest common factor of 75 and h.
15
Suppose -k - 3 = 0, 0 = 4*z - k - 3*k - 28. Let h be (-12)/z*(-26)/6. Let o(i) = i**2 - 5*i + 7. Let p be o(6). Calculate the highest common divisor of h and p.
13
Let g(d) = 44*d**2 - 5*d - 1. Let z be g(3). Calculate the greatest common divisor of 38 and z.
38
Suppose -p + 4*p - 3 = 0. Let t = 19 + p. Let m(r) = r**2 - 6. Let u be m(-6). What is the greatest common factor of t and u?
10
Let m(b) = b**3 - 2*b**2 + 2*b - 1. Let r be m(3). Calculate the highest common factor of 154 and r.
14
Suppose 5*j - 208 = -m + 5*m, -4*m = 8. Calculate the highest common factor of j and 16.
8
Let a = -13 - -19. Let s = -3 - 16. Let b = s - -49. Calculate the highest common divisor of b and a.
6
Let d = 55 - -13. What is the greatest common factor of 170 and d?
34
Suppose 4*a - 25 = -z, 4*a + 3*z - 45 = -2*z. Calculate the greatest common divisor of 5 and a.
5
Suppose -11 = -3*x + 1. Calculate the highest common divisor of x and 4.
4
Suppose 10*m - 1077 = 483. What is the greatest common divisor of 24 and m?
12
Let g(v) = 21*v + 48. Let q be g(14). What is the highest common divisor of 18 and q?
18
Suppose 4*t - 109 = a, -2*t + 5*t - 85 = 4*a. What is the highest common factor of 162 and t?
27
Let a be (-62)/(-12) + 2/(-12). Let o(f) = 2*f**3 + f**2 - 6*f + 8. Let n be o(a). Calcula